06. What is y(14)?
16
Let p(k) = k**2 - 831*k + 28263. Determine p(36).
-357
Let b(m) = 234965*m + 15507691. Give b(-66).
1
Let h(x) = 15985*x + 127363. What is h(-8)?
-517
Let x(p) = p**2 + 25*p + 3. Calculate x(0).
3
Let j(r) = 2*r**2 + 29*r - 70. What is j(-11)?
-147
Let r(o) = -4*o**3 - 47*o**2 + 17*o - 19. Calculate r(-9).
-1063
Let x(l) = -292*l**2 + l - 28. Calculate x(1).
-319
Let q(x) = -2*x**3 + 2*x**2 + 338*x - 1724. What is q(5)?
-234
Let t(f) = -30446*f - 883139. Calculate t(-29).
-205
Let p(l) = -26437*l - 105725. Determine p(-4).
23
Let y(q) = -3*q**3 + 23*q**2 - 226*q + 1506. Determine y(7).
22
Let q(t) = 3*t**3 + 89*t**2 + 190*t - 32. What is q(-27)?
670
Let j(w) = -5*w**3 - 502*w**2 - 3858*w + 573. Give j(-92).
21
Let v(w) = 2*w**2 + 196*w + 4800. What is v(-47)?
6
Let m(v) = v**3 + 162*v**2 + 352*v + 5104. Give m(-160).
-16
Let h(z) = -18194*z + 727804. Determine h(40).
44
Let k(p) = -1609*p - 9891. Calculate k(-6).
-237
Let n(p) = -15124*p + 620127. Give n(41).
43
Let s(y) = y**2 + 2764*y + 1063564. What is s(-462)?
40
Let j(y) = -393*y**2 + 1087*y + 214. Determine j(3).
-62
Let o(q) = -q**2 + 92*q - 2062. Give o(44).
50
Let l(k) = 868*k - 483485. What is l(557)?
-9
Let w(s) = s**3 - 14*s**2 - 122*s - 199. Determine w(20).
-239
Let q(u) = 19*u**3 + 134*u**2 + 15*u + 115. Give q(-8).
-1157
Let m(x) = -x**2 - 1849*x + 87187. What is m(46)?
17
Let t(f) = f**3 - 26*f**2 + 56*f + 736. Determine t(22).
32
Let s(c) = 48983*c + 1665422. Give s(-34).
0
Let l(c) = -18*c**3 - 131*c**2 + 2198*c + 12. Give l(8).
-4
Let a(b) = -4*b**3 + 106*b**2 + 221*b - 4502. Give a(27).
7
Let l(p) = -p**3 - 26*p**2 - 66*p + 219. Determine l(-27).
2730
Let b(s) = -s**3 + 255*s**2 - 1726*s + 43. Calculate b(7).
113
Let i(r) = -r**3 + 167*r**2 - 4998*r + 803. Determine i(128).
35
Let s(p) = 164743*p - 2141666. Give s(13).
-7
Let g(y) = -2*y**2 - 29766*y + 238256. Give g(8).
0
Let o(b) = -13*b**2 - 1611*b + 37. Calculate o(-124).
-87
Let c(j) = j**2 + 3067*j + 845003. Determine c(-306).
137
Let v(m) = 3*m**3 + 108*m**2 - 454*m - 16417. Determine v(-36).
-73
Let s(n) = -n**3 + 270*n**2 + 9005*n - 1498. Determine s(300).
2
Let a(z) = -z**2 - 1555*z - 380306. Calculate a(-304).
-2
Let y(i) = -45*i**3 + 205*i**2 + 30*i - 165. Give y(5).
-515
Let w(j) = -582*j + 159457. Determine w(274).
-11
Let q(d) = -d**2 - 13551*d - 6701017. Calculate q(-514).
1
Let c(n) = -30*n - 1142. Determine c(-42).
118
Let u(c) = -c**2 - 1899*c - 145489. Give u(-80).
31
Let v(u) = -71673*u + 143454. Determine v(2).
108
Let d(r) = -r**3 + 1766*r + 7005. Determine d(-4).
5
Let z(t) = 2169*t + 1728720. What is z(-797)?
27
Let k(c) = 139*c**3 - 234*c**2 - 466*c - 2. What is k(-2)?
-1118
Let k(l) = -3*l**3 + 250*l**2 - 77*l - 293. Give k(83).
205
Let h(t) = 21*t - 2456. Determine h(99).
-377
Let j(r) = 1352*r**2 - 15*r - 12. Give j(-1).
1355
Let s(v) = -3*v**3 - 17*v**2 - 54*v - 13. Determine s(-6).
347
Let c(h) = 300*h**2 - 101404*h + 1279. What is c(338)?
-73
Let y(m) = -m**3 + 185*m**2 - 1245*m - 174. Determine y(178).
4
Let r(u) = 7*u**2 + 892*u - 3557. What is r(4)?
123
Let n(l) = -175*l + 19012. Calculate n(109).
-63
Let m(c) = 6*c**3 + 42*c**2 - 17*c - 31. What is m(-5)?
354
Let y(f) = 248*f + 8890. Calculate y(-37).
-286
Let i(q) = -14502*q + 101582. What is i(7)?
68
Let s(q) = 42124*q - 968842. Determine s(23).
10
Let s(z) = 23*z**2 + 444*z + 2972. Determine s(-7).
991
Let b(i) = i**3 - 16*i**2 + 58*i - 1025. Give b(21).
2398
Let i(m) = 63*m + 5015. Determine i(-107).
-1726
Let s(m) = m**2 + 3*m - 154878. What is s(392)?
-38
Let o(j) = 113*j - 8259. Determine o(75).
216
Let a(x) = -4*x**2 - 636*x + 11580. Determine a(18).
-1164
Let j(q) = 32*q**3 - 542*q**2 - 5*q + 53. Calculate j(17).
546
Let n(h) = -11*h**3 - 285*h**2 + 7*h - 55. Give n(-26).
439
Let p(t) = 3*t**2 - 971*t + 7627. What is p(8)?
51
Let q(v) = v**3 - v**2 - 315*v + 727. What is q(17)?
-4
Let p(s) = s**2 - 531*s - 189560. Determine p(-242).
-2494
Let l(z) = z**3 - 228*z**2 - 852*z + 36722. Determine l(231).
-7
Let l(x) = -2433*x - 8064. Calculate l(-3).
-765
Let i(r) = -7*r**3 + 4*r**2 + 29*r + 107. Give i(0).
107
Let w(y) = -y**3 + 33*y**2 + 787*y - 85. Give w(49).
62
Let d(f) = -28*f - 1739. Give d(-31).
-871
Let a(n) = -n**3 - 11*n**2 + 2906*n - 8789. What is a(-61)?
-5
Let l(p) = -2*p**3 - 161*p**2 + 71*p + 20. What is l(-81)?
830
Let j(g) = -5*g**3 - 2463*g**2 + 1028*g + 20652. Determine j(-493).
-54
Let d(p) = -4*p**3 + 80*p**2 + 183*p + 49. Give d(22).
203
Let a(h) = 191*h - 9266. What is a(48)?
-98
Let a(o) = 45977*o + 2252851. Give a(-49).
-22
Let m(c) = -c**3 - 724*c**2 + 1223*c + 361041. Give m(-725).
-9
Let k(m) = 103*m**2 - 123*m + 67. Give k(1).
47
Let x(w) = -1256*w - 23896. Determine x(-19).
-32
Let h(s) = 2*s**3 + 3*s**2 + 178*s + 1. Calculate h(0).
1
Let m(l) = -3*l**2 - 93*l + 996. Give m(9).
-84
Let p(m) = -61868*m + 433077. Calculate p(7).
1
Let x(p) = -5316*p - 212661. What is x(-40)?
-21
Let s(g) = 39486*g + 394868. Give s(-10).
8
Let o(c) = 89780*c - 628443. Give o(7).
17
Let u(r) = 2106*r - 334856. Determine u(159).
-2
Let n(i) = 983*i - 4810. What is n(4)?
-878
Let v(n) = n**3 - 140*n**2 - 2668*n - 168. Determine v(157).
-11
Let h(k) = -2*k**3 - 14*k**2 + 17*k + 52. Calculate h(-8).
44
Let j(s) = s**3 + 96*s**2 + 350*s - 1579. Calculate j(-92).
77
Let z(q) = -52672*q - 52669. Calculate z(-1).
3
Let t(g) = 12*g**3 + 313*g**2 - 1467*g - 38811. Calculate t(-26).
7
Let h(w) = 6817*w - 1772432. What is h(260)?
-12
Let m(z) = 945*z + 29251. Give m(-31).
-44
Let s(b) = -15130*b**2 + 90773*b + 49. Calculate s(6).
7
Let g(d) = -2540*d + 62094. Calculate g(23).
3674
Let c(i) = -i**2 - 4926*i - 2535723. Calculate c(-584).
5
Let k(s) = 4*s**3 + 2*s**2 - 83*s - 147. Determine k(-2).
-5
Let a(x) = -5*x**2 + 131*x + 2491. What is a(39)?
-5
Let u(a) = 925*a + 272. What is u(2)?
2122
Let l(c) = 32479*c + 32478. Determine l(-1).
-1
Let p(a) = -30*a**2 + 326*a - 2247. What is p(7)?
-1435
Let x(c) = 652*c**2 - 3047*c + 10. Calculate x(4).
-1746
Let d(m) = m**3 - 426*m**2 + 70*m + 150867. Calculate d(425).
-8
Let k(x) = -1066*x + 89168. Calculate k(82).
1756
Let f(m) = 15297*m - 183561. Determine f(12).
3
Let k(x) = x**3 + 11*x**2 - 15*x + 167. Determine k(-11).
332
Let s(u) = 8*u**3 + 832*u**2 + 10*u + 1015. Determine s(-104).
-25
Let b(c) = 14*c**3 + 353*c**2 + 81*c + 151. Determine b(-25).
1
Let z(d) = -64*d**2 - 121*d + 3034. Determine z(6).
4
Let v(p) = 469828*p - 3758602. Determine v(8).
22
Let r(b) = 2*b**3 + 8*b**2 - 43*b + 750. Give r(-10).
-20
Let p(m) = -5*m**2 + 466*m - 3383. What is p(7)?
-366
Let c(w) = -3063*w + 2226797. What is c(727)?
-4
Let b(d) = 1083*d**2 - 4398*d + 262. Give b(4).
-2
Let m(o) = -o**3 + 2*o**2 + 123*o - 507. What is m(5)?
33
Let d(v) = 12368*v - 74634. What is d(6)?
-426
Let f(q) = -1621*q - 466836. Give f(-288).
12
Let b(z) = -2*z**2 + 5856*z - 3402153. Calculate b(799).
-11
Let z(s) = 2*s**2 - 79*s - 1712. Determine z(55).
-7
Let d(l) = l**3 - 569*l**2 + 6*l - 56. Calculate d(0).
-56
Let q(x) = 212*x - 3034. What is q(26)?
2478
Let d(i) = -365*i + 73016. Give d(199).
381
Let x(q) = -72549*q + 3337262. Determine x(46).
8
Let w(k) = 1376*k + 3686. Determine w(-3).
-442
Let l(z) = 13*z**2 - 4636*z - 44655. Calculate l(366).
-3
Let g(h) = -7*h**2 - 185*h - 1192. What is g(-15)?
8
Let d(s) = 10000*s + 79947. Calculate d(-8).
-53
Let x(i) = i**3 - 95*i**2 + 166*i - 6115. Determine x(94).
653
Let o(a) = 5*a**2 + 1560*a + 39749. Give o(-284).
-11
Let f(o) = 33102*o - 132369. Determine f(4).
39
Let u(f) = f**3 - 37*f**2 + 49*f - 1380. Calculate u(36).
-912
Let n(v) = -v**3 + 17*v**2 - v + 271. Calculate n(19).
-470
Let r(s) = -1042*s - 17656. What is r(-17)?
58
Let k(a) = -2*a**3 - 15*a**2 - 15*a - 268. What is k(-10)?
382
Let y(h) = 97652*h - 488190. Give y(5).
70
Let y(t) = 85*t - 1702. Give y(12).
-682
Let s(t) = -11946*t - 120421. Determine s(-10).
-961
Let q(o) = -o**2 + 38857*o + 1322299. What is q(-34)?
5
Let y(g) = -2*g**2 - 9*g + 203. Calculate y(-12).
23
Let y(m) = -17*m**2 - 13782*m - 189624. Determine y(-14).
-8
Let c(h) = -24*h**3 - 1413*h**2 + 173*h - 217. Give c(-59).
19
Let a(z) = -13*z**2 + 690*z - 751. Give a(52).
-23
Let c(b) = b**3 + 6*b**2 + 55*b + 365. G